s digit of 32889?
9
What is the ten thousands digit of 94800?
9
What is the thousands digit of 37535?
7
What is the hundreds digit of 657?
6
What is the units digit of 22?
2
What is the tens digit of 3182?
8
What is the hundreds digit of 37042?
0
What is the units digit of 401?
1
What is the thousands digit of 33035?
3
What is the units digit of 15452?
2
What is the tens digit of 565?
6
What is the thousands digit of 7917?
7
What is the hundreds digit of 1552?
5
What is the hundreds digit of 5279?
2
What is the units digit of 1247?
7
What is the units digit of 4513?
3
What is the thousands digit of 1288?
1
What is the tens digit of 84734?
3
What is the tens digit of 1619?
1
What is the tens digit of 3491?
9
What is the units digit of 4619?
9
What is the tens digit of 48637?
3
What is the units digit of 3416?
6
What is the hundreds digit of 2796?
7
What is the hundreds digit of 189?
1
What is the tens digit of 62?
6
What is the hundreds digit of 1283?
2
What is the units digit of 4256?
6
What is the thousands digit of 2705?
2
What is the hundreds digit of 68318?
3
What is the units digit of 4716?
6
What is the units digit of 43763?
3
What is the tens digit of 548?
4
What is the tens digit of 2743?
4
What is the hundreds digit of 343?
3
What is the hundreds digit of 5206?
2
What is the thousands digit of 7915?
7
What is the units digit of 4213?
3
What is the thousands digit of 7003?
7
What is the thousands digit of 127620?
7
What is the units digit of 13748?
8
What is the tens digit of 11375?
7
What is the units digit of 5074?
4
What is the thousands digit of 13264?
3
What is the hundreds digit of 6261?
2
What is the thousands digit of 1060?
1
What is the hundreds digit of 2353?
3
What is the tens digit of 8394?
9
What is the units digit of 6360?
0
What is the ten thousands digit of 13661?
1
What is the hundreds digit of 1167?
1
What is the hundreds digit of 1793?
7
What is the units digit of 55071?
1
What is the thousands digit of 1115?
1
What is the units digit of 880?
0
What is the hundreds digit of 1133?
1
What is the units digit of 35?
5
What is the hundreds digit of 855?
8
What is the ten thousands digit of 28115?
2
What is the tens digit of 49444?
4
What is the tens digit of 152900?
0
What is the units digit of 776?
6
What is the tens digit of 17804?
0
What is the thousands digit of 3281?
3
What is the thousands digit of 2171?
2
What is the ten thousands digit of 22575?
2
What is the hundreds digit of 2069?
0
What is the hundreds digit of 1696?
6
What is the tens digit of 4486?
8
What is the units digit of 880?
0
What is the hundreds digit of 1724?
7
What is the tens digit of 42895?
9
What is the hundreds digit of 15091?
0
What is the tens digit of 4467?
6
What is the hundreds digit of 1804?
8
What is the units digit of 679?
9
What is the tens digit of 12776?
7
What is the hundreds digit of 27710?
7
What is the hundreds digit of 1131?
1
What is the thousands digit of 13884?
3
What is the ten thousands digit of 17254?
1
What is the thousands digit of 2823?
2
What is the units digit of 4757?
7
What is the units digit of 1854?
4
What is the ten thousands digit of 58201?
5
What is the units digit of 12561?
1
What is the hundreds digit of 4771?
7
What is the tens digit of 18946?
4
What is the tens digit of 304?
0
What is the units digit of 1544?
4
What is the units digit of 1073?
3
What is the thousands digit of 1730?
1
What is the hundreds digit of 853?
8
What is the tens digit of 935?
3
What is the units digit of 679?
9
What is the ten thousands digit of 12445?
1
What is the thousands digit of 124412?
4
What is the thousands digit of 10663?
0
What is the ten thousands digit of 159529?
5
What is the tens digit of 72248?
4
What is the tens digit of 883?
8
What is the hundreds digit of 10390?
3
What is the units digit of 345?
5
What is the units digit of 2281?
1
What is the hundreds digit of 2463?
4
What is the units digit of 31526?
6
What is the units digit of 4154?
4
What is the units digit of 11408?
8
What is the thousands digit of 75703?
5
What is the tens digit of 1597?
9
What is the units digit of 3905?
5
What is the thousands digit of 41311?
1
What is the units digit of 259?
9
What is the units digit of 782?
2
What is the tens digit of 18499?
9
What is the thousands digit of 88560?
8
What is the thousands digit of 3532?
3
What is the tens digit of 455?
5
What is the tens digit of 698?
9
What is the hundreds digit of 20192?
1
What is the hundreds digit of 1265?
2
What is the thousands digit of 14632?
4
What is the tens digit of 712?
1
What is the hundreds digit of 640?
6
What is the tens digit of 5938?
3
What is the units digit of 2021?
1
What is the thousands digit of 31146?
1
What is the hundreds digit of 9995?
9
What is the ten thousands digit of 31512?
3
What is the units digit of 591?
1
What is the tens digit of 24605?
0
What is the ten thousands digit of 14199?
1
What is the thousands digit of 2895?
2
What is the units digit of 141?
1
What is the hundreds digit of 651?
6
What is the thousands digit of 8454?
8
What is the tens digit of 9664?
6
What is the hundred thousands digit of 113708?
1
What is the hundreds digit of 31200?
2
What is the units digit of 29599?
9
What is the hundreds digit of 265?
2
What is the ten thousands digit of 112271?
1
What is the hundreds digit of 892?
8
What is the units digit of 94965?
5
What is the hundreds digit of 4872?
8
What is the hundreds digit of 68121?
1
What is the tens digit of 8922?
2
What is the hundreds digit of 1870?
8
What is the hundreds digit of 20876?
8
What is the ten thousands digit of 36586?
3
What is the tens digit of 758?
5
What is the hundreds digit of 16067?
0
What is the tens digit of 909?
0
What is the hundreds digit of 78056?
0
What is the hundreds digit of 8077?
0
What is the hundreds digit of 38099?
0
What is the thousands digit of 6756?
6
What is the units digit of 93?
3
What is the tens digit of 1439?
3
What is the hundreds digit of 46271?
2
What is the units digit of 1393?
3
What is the thousands digit of 9634?
9
What is the tens digit of 8478?
7
What is the units digit of 2549?
9
What is the thousands digit of 1560?
1
What is the tens digit of 1630?
3
What is the hundreds digit of 10211?
2
What is the units digit of 7978?
8
What is the tens digit of 1859?
5
What is the tens digit of 6140?
4
What is the thousands digit of 1526?
1
What is the units digit of 6871?
1
What is the ten thousands digit of 16785?
1
What is the hundreds digit of 2132?
1
What is the tens digit of 30?
3
What is the hundreds digit of 1789?
7
What is the thousands digit of 13160?
3
What is the thousands digit of 1899?
1
What is the tens digit of 218?
1
What is the hundreds digit of 45775?
7
What is the thousands digit of 153711?
3
What is the thousands digit of 1347?
1
What is the tens digit of 168933?
3
What is the tens digit of 53804?
0
What is the units digit of 1094?
4
What is the hundreds digit of 21865?
8
What is the units digit of 69399?
9
What is the ten thousands digit of 40792?
4
What is the thousands digit of 21812?
1
What is the hundreds digit of 1920?
9
What is the hundreds digit of 772?
7
What is the units digit of 10881?
1
What is the tens digit of 27524?
2
What is the units digit of 13893?
3
What is the hundreds digit of 353?
3
What is the tens digit of 1438?
3
What is the tens digit of 794?
9
What is the tens digit of 3429?
2
What is the thousands digit of 91321?
1
What is the units digit of 59782?
2
What is the thousands digit of 7289?
7
What is the ten thousands digit of 13110?
1
What is the units digit of 8385?
5
What is the thousands digit of 21413?
1
What is the units digit of 88664?
4
What is the tens digit of 1646?
4
What is the tens digit of 7958?
5
What is the tens digit of 9952?
5
What is the ten thousands digit of 11809?
1
What is the thousands digit of 1040?
1
What is the units digit of 2643?
3
What is the hundreds digit of 47830?
8
What is the units digit of 26277?
7
What is the thousands digit of 3043?
3
What is the tens digit of 2129?
2
What is the units digit of 2440?
0
What is the units digit of 1443?
3
What is the thousands digit of 4447?
4
What is the units digit of 43834?
4
What is the hundreds digit of 1002?
0
What is the thousands digit of 4332?
4
What is t